k**5. Is o(6) a composite number?
True
Let o(y) = 36*y**2 + 41*y + 4 - 37*y - 1. Is o(5) a prime number?
False
Let v(j) = -13*j**3 + 4*j**2 + 6*j + 5. Let f = 19 - 23. Is v(f) a composite number?
False
Let n(h) = -h**3 - 5*h**2 - h - 5. Let b be n(-5). Suppose b = 2*u + 3*q - 4*q - 1770, 4*u - 4*q - 3532 = 0. Is u a prime number?
True
Let p = 936 + -577. Is p composite?
False
Let a be (1 - -3) + -3 + -7. Let g(f) = 3*f**2 + 7*f + 6. Let u be g(a). Suppose -2*x - 71 = -3*y, 2*y = 4*x + u - 14. Is y composite?
True
Suppose -2*f = -3*v - 5614, -7*f + 5*v = -9*f + 5646. Is f prime?
False
Suppose 0 = 4*v + 5*m + 7 + 3, -v + 2*m + 4 = 0. Suppose -8*a + 83 - 11 = v. Is a prime?
False
Let p = 166 - 476. Let a = -215 - p. Is a composite?
True
Suppose 0 = 2*u + 5*w - 16106, u - 7372 = -5*w + 671. Is u composite?
True
Let f(h) be the third derivative of h**5/30 + h**4/6 + 7*h**3/6 + h**2. Suppose 0 = -3*w + 2*m - 19, -4*m - 4 = -w - 7. Is f(w) a composite number?
True
Let q(x) = x**3 + 23*x**2 + 25*x + 54. Let l be q(-22). Is (68/6 + 4/l)*23 prime?
False
Is 27/3 + 61968/24 a composite number?
False
Let f(y) be the second derivative of -y**3/6 + 233*y**2/2 - y. Is f(0) a composite number?
False
Let p be 4 - (-1406)/4*6. Let b = -1206 + p. Is b a composite number?
False
Let q be 9/3 - (1 + 2). Suppose q = -9*h - 2854 + 18091. Is h composite?
False
Let m = 900 - -264. Suppose n = -3*n + m. Is n prime?
False
Let g be (50/6)/(-5)*390. Is (g/(-6) - 2)*3 composite?
True
Let r be 404/(-1 + 3) + 4. Suppose 0 = j - 2*j - b + r, -2*b - 643 = -3*j. Is j a prime number?
True
Let b be (-83 + -6)/(((-10)/6)/5). Let v = b - 154. Is v prime?
True
Suppose 5*p - 38 = 4*k, 0 = -p + 2*p + k - 4. Suppose 3*n - 5*w - 77 = -0*w, w = 2. Let m = n - p. Is m a composite number?
False
Let a = -6 - -4. Let p be -3*a*(-15)/(-18). Suppose p = -i, -2*g + 4*i = -6*g + 1152. Is g a composite number?
False
Let x be (-2)/9 - 38/(-9). Suppose -5*o - 21 = b, 0*o + 14 = b - 2*o. Suppose -x*h = -w + 195, -5*w + 1075 = h + b*h. Is w prime?
True
Let l = 20 - 13. Is 632 + 0 - (l - -2)/(-3) prime?
False
Suppose -891 = -52*j + 49*j. Suppose 2*b - 799 = -j. Is b a composite number?
False
Let a(m) = -26*m - 5. Let p be a(-4). Let w = -342 - -340. Is p - (4 - w - 2) a composite number?
True
Let p(f) = -94*f**2 + 8*f - 10. Let o be p(5). Is 9/((-36)/o) + 3 a prime number?
False
Let o(y) = 8097*y + 419. Is o(6) a composite number?
True
Let k(a) = -a**2 - a - 1. Let x(j) = 21*j**2 + 9*j + 4. Let p(q) = 5*k(q) + x(q). Suppose -4*i = -6*i - 6. Is p(i) a composite number?
False
Let g(n) = 85*n**2 - 49*n - 7. Is g(6) a prime number?
False
Let b = -142 - -398. Let r = 493 - b. Is r composite?
True
Let i = 2 - -1. Let q = i - 7. Is q/4 + 2 + 42 composite?
False
Suppose -6*p = -11*p + 19725. Suppose 50 = 5*q - p. Let z = q + -458. Is z a prime number?
False
Suppose 0 = -4*t + 3 + 9. Let f be (t + (-3 - -1))*5. Is (-1638)/(-4) - f/10 a prime number?
True
Let f = 10 + -8. Suppose f*l - l = -4. Is (-3322)/(-14) - l/(-14) composite?
True
Let z = 50 + -52. Is (-1 + -2 - z)*-89 a composite number?
False
Let c = 42 - 4. Suppose 2*i + 2*i = -l + 15, 15 = 2*i + 3*l. Suppose i*p - p = c. Is p prime?
True
Let f be 3*(-14)/6 + 5. Is ((-2)/(-1))/f*-557 a prime number?
True
Let h be -1 + -20*(-112 + -1). Suppose -2*p - 377 = -h. Is p prime?
True
Let s = 5 - 3. Suppose -r - 5*h + 72 = 0, s*h = -2*r + 3*h + 133. Is r prime?
True
Let j(b) be the second derivative of b**4/3 + b**3/2 - 2*b**2 - b. Let g be j(6). Suppose 0*f = -2*f + g. Is f prime?
True
Let d be ((-75)/12 + 1)/((-3)/3592). Is (d/(-21))/((-4)/6) composite?
False
Suppose -8*o + 3*o - 10 = 2*w, 2*o + 8 = 0. Suppose w*y - 2*y = 0. Suppose -f + 191 = -y*f. Is f composite?
False
Suppose t - 8*n + 4*n - 6 = 0, n - 7 = -4*t. Is 4/t - ((7 - 4) + -186) prime?
False
Suppose z = -2*g, 0 = -5*g - 0*g - 5. Suppose x - z*x + 393 = 0. Suppose -4*h + 174 = -b - x, -141 = -h + b. Is h prime?
False
Let n be (192/20)/(3/20) + -3. Suppose n = 2*v + 3*q - 547, -2*q = -8. Is v composite?
True
Suppose 4*k + 48 = -2*k. Let l = -4 - k. Is 10 - -881 - l/1 composite?
False
Is 6/27 - (-121445)/45 a composite number?
False
Let w = 8776 - 4727. Is w a prime number?
True
Suppose -5*f + 4*y = -43375, 2*f + y = -3*y + 17350. Suppose -b + u = -4*b + 26090, -b + 4*u + f = 0. Is (-16)/20 - b/(-25) prime?
True
Let g(a) = -5292*a + 5. Is g(-1) a composite number?
False
Let m = -7 - -12. Suppose -5*r + 6 = -2*d + d, -m*d + 26 = 3*r. Is (-557)/(1 + -6 + d) prime?
True
Let o(y) = 37*y**2 + 11*y + 2. Let h be o(8). Suppose -4*k + 4 = 3*u, 5*k - 5 = -2*u - 0*u. Is k/6 + h/12 a composite number?
True
Suppose 1926 = 3*s - 3*d, 3*s - 3*d - 1931 = -5*d. Let h = s + 1878. Is h composite?
False
Let y = 32679 + -16534. Is y a composite number?
True
Let k(y) = -y**3 + 15*y**2 - 22*y - 31. Is k(11) composite?
False
Let p be (3 - 19)*(-274)/8. Let h = p + -297. Is h prime?
True
Let s(q) be the second derivative of 0 + 1/6*q**3 + 1/5*q**5 + 3*q + 1/2*q**2 - 1/4*q**4. Is s(2) composite?
False
Suppose -4*l - l = -20. Let s(q) = -q - 8. Let o be s(-6). Is (716/(-8))/(o/l) a prime number?
True
Suppose -4*q + 2*z - 8 = 0, -5*z + 6 = -2*q - q. Let r be (-1)/q - 8/16. Suppose r = o - 5*o + 844. Is o composite?
False
Suppose -2*j = -7*j - 3*s + 110693, -2*j + 44274 = 2*s. Is j composite?
True
Let y be (26/(-10) - -1)/((-25)/125). Let o be -2 + (-1 - (-2)/1). Is (o + (-20)/y)*-46 prime?
False
Suppose h - 1 = 0, -2*h + 6 = 5*q - 31. Let y(b) = 2*b**2 - 16*b - 3. Let s(f) = -f**2 + 15*f + 2. Let t(v) = 6*s(v) + 5*y(v). Is t(q) a prime number?
True
Let k(p) = 21*p - 5 - 396*p + 3. Is k(-1) composite?
False
Suppose -12 = -3*c, -o - 3*c + 16 + 12 = 0. Let f = o + -8. Is 400 - (5 - f/4) a prime number?
True
Let m(f) = -25*f + 238. Is m(-24) a prime number?
False
Suppose -7*t = -8*t + 1. Let s be t + 0 - (3 + -7). Suppose s*o = -o + 1434. Is o a prime number?
True
Suppose -2*x = 3*k - 38, -2*x + 5*k + 26 - 4 = 0. Let n(i) be the third derivative of i**5/30 - i**4/24 + 7*i**3/6 + 8*i**2. Is n(x) a prime number?
True
Suppose 0 = 157*m - 169*m + 9444. Is m composite?
False
Let h(k) = -53*k**3 + 2*k**2 + 4*k + 1. Let f be h(-2). Is -2 - (f/(-1) + 4) a prime number?
True
Suppose -4717 + 1163 = -2*a. Is a prime?
True
Suppose 2*n - 3713 = -4*m + 3*m, 4*n = -4*m + 7420. Is n a prime number?
False
Let s(h) be the second derivative of -h + 0 - 1/2*h**2 + 5/6*h**3 + 25/12*h**4. Is s(-4) a composite number?
False
Suppose 45 = 6*w + 3. Is (-44 + w)/(0 - 1) composite?
False
Let d be -250 + (1 - (-12)/4 - 1). Let i = -98 - -556. Let s = d + i. Is s a prime number?
True
Suppose 0 = 3*n - 9 - 0. Suppose 2*w = -n*i - 4, -5*w + 4*i = -52 + 16. Suppose -w*s + 8 = -8, 2*t + 2*s - 126 = 0. Is t composite?
False
Suppose -4*h + 2950 = 242. Suppose -z + v = -841 + 174, z + 4*v - h = 0. Is z a composite number?
True
Let y(r) = r**3 - 8*r**2 + 7*r + 15. Let j be y(13). Is (-3)/(-9)*(j/1)/1 a prime number?
True
Suppose -124*o + 34292 = -123*o + 3*m, 4*m - 68574 = -2*o. Is o composite?
True
Suppose -114*q + 116*q = 26990. Is q composite?
True
Suppose 2*l + 4 - 16 = 0. Let m be (-792)/(-132) + 2*-9. Is l/m*(-504 - 2) a prime number?
False
Let t(n) = 10*n**2 + 9*n - 4 - 19*n**3 + 2 + 20*n**3. Let v be t(-9). Is 3/(((-6)/177)/v) a prime number?
False
Suppose 2*l = 7*l - 20. Let i(a) = -1 + 4*a**3 + 67*a**2 - 66*a**2 - l*a + 2*a. Is i(2) prime?
True
Let b(m) = -2*m + 10. Let h be b(0). Let o be (-2)/((-1)/(h/4)). Is -3122*(-2 + o)/(-6) a composite number?
True
Let r be 2 + (9/3 - -1). Let x be (r - 11)*1114/(-5). Is x/3 + 4/(-12) a prime number?
False
Suppose -5*t + 12 = t. Suppose -5*c = -3*u - t*c + 1962, 3276 = 5*u + c. Is u prime?
False
Suppose -3*y + 10 = -2*u, -y - 1 = 3*u + 3. Let b be (y/4)/(2/(-160)). Let h = 83 - b. Is h a composite number?
True
Let f = 564 - -5823. Is f a prime number?
False
Let o(k) = 16*k + 1. Let d be o(2). Suppose 29*w + 372 = d*w. Is w a composite number?
True
Let a = -6979 + 26100. Is a composite?
False
Let d(b) = 11*b**2 + 4*b + 24. Let p(g) = -7*g**2 - 3*g - 16. Let a(i) = 5*d(i) + 7*p(i). Let s be a(6). Let r = s + 191. Is r prime?
True
Suppose 4*n = -5 + 25. Suppose 2*l = n*l + 207. Let z = -16 - l. Is z composite?
False
Su